usands digit of 21325?
2
What is the thousands digit of 4137?
4
What is the ten thousands digit of 68020?
6
What is the thousands digit of 57067?
7
What is the units digit of 293?
3
What is the tens digit of 3175?
7
What is the thousands digit of 5062?
5
What is the units digit of 143037?
7
What is the units digit of 5604?
4
What is the ten thousands digit of 12405?
1
What is the thousands digit of 9246?
9
What is the hundreds digit of 407?
4
What is the ten thousands digit of 99445?
9
What is the tens digit of 89767?
6
What is the units digit of 10598?
8
What is the thousands digit of 98465?
8
What is the thousands digit of 2918?
2
What is the thousands digit of 6313?
6
What is the thousands digit of 56411?
6
What is the tens digit of 5679?
7
What is the tens digit of 2754?
5
What is the hundreds digit of 2336?
3
What is the tens digit of 70589?
8
What is the hundreds digit of 9250?
2
What is the units digit of 872?
2
What is the hundreds digit of 13564?
5
What is the ten thousands digit of 35877?
3
What is the thousands digit of 15370?
5
What is the hundreds digit of 16432?
4
What is the hundreds digit of 304?
3
What is the units digit of 88456?
6
What is the hundreds digit of 1721?
7
What is the units digit of 243?
3
What is the units digit of 367?
7
What is the ten thousands digit of 50532?
5
What is the units digit of 28537?
7
What is the thousands digit of 6757?
6
What is the tens digit of 1144?
4
What is the units digit of 1624?
4
What is the tens digit of 2648?
4
What is the tens digit of 3272?
7
What is the tens digit of 3085?
8
What is the units digit of 25524?
4
What is the thousands digit of 7828?
7
What is the hundreds digit of 14170?
1
What is the tens digit of 67191?
9
What is the units digit of 48685?
5
What is the tens digit of 845?
4
What is the ten thousands digit of 30772?
3
What is the units digit of 945?
5
What is the units digit of 108377?
7
What is the ten thousands digit of 23544?
2
What is the units digit of 2062?
2
What is the units digit of 11124?
4
What is the tens digit of 265?
6
What is the hundreds digit of 6681?
6
What is the hundreds digit of 20288?
2
What is the tens digit of 952?
5
What is the tens digit of 7429?
2
What is the hundreds digit of 9673?
6
What is the hundreds digit of 143836?
8
What is the hundreds digit of 4166?
1
What is the tens digit of 4430?
3
What is the hundreds digit of 19880?
8
What is the tens digit of 828?
2
What is the tens digit of 339?
3
What is the hundreds digit of 123935?
9
What is the tens digit of 2133?
3
What is the units digit of 881?
1
What is the hundreds digit of 39129?
1
What is the units digit of 38722?
2
What is the ten thousands digit of 79987?
7
What is the tens digit of 16358?
5
What is the units digit of 3148?
8
What is the tens digit of 7567?
6
What is the hundreds digit of 6940?
9
What is the tens digit of 75802?
0
What is the units digit of 1031?
1
What is the tens digit of 84?
8
What is the thousands digit of 30993?
0
What is the hundreds digit of 21220?
2
What is the units digit of 4594?
4
What is the units digit of 7179?
9
What is the hundreds digit of 197?
1
What is the units digit of 14641?
1
What is the thousands digit of 1451?
1
What is the hundred thousands digit of 158873?
1
What is the thousands digit of 22179?
2
What is the thousands digit of 24136?
4
What is the tens digit of 7178?
7
What is the units digit of 4971?
1
What is the tens digit of 26441?
4
What is the hundreds digit of 575?
5
What is the hundreds digit of 1012?
0
What is the units digit of 35002?
2
What is the tens digit of 312?
1
What is the hundreds digit of 2311?
3
What is the thousands digit of 1453?
1
What is the hundreds digit of 2931?
9
What is the ten thousands digit of 28336?
2
What is the thousands digit of 3090?
3
What is the units digit of 1274?
4
What is the thousands digit of 2388?
2
What is the units digit of 28917?
7
What is the hundreds digit of 43587?
5
What is the ten thousands digit of 143786?
4
What is the thousands digit of 3362?
3
What is the units digit of 1073?
3
What is the thousands digit of 73177?
3
What is the thousands digit of 1058?
1
What is the tens digit of 1525?
2
What is the tens digit of 2457?
5
What is the tens digit of 9888?
8
What is the ten thousands digit of 57745?
5
What is the units digit of 579?
9
What is the tens digit of 177573?
7
What is the units digit of 1296?
6
What is the hundreds digit of 23801?
8
What is the units digit of 1777?
7
What is the thousands digit of 8347?
8
What is the hundreds digit of 9521?
5
What is the thousands digit of 1380?
1
What is the hundreds digit of 19334?
3
What is the tens digit of 5925?
2
What is the tens digit of 79?
7
What is the tens digit of 7253?
5
What is the thousands digit of 54674?
4
What is the thousands digit of 8952?
8
What is the ten thousands digit of 13864?
1
What is the tens digit of 21603?
0
What is the thousands digit of 25572?
5
What is the tens digit of 4361?
6
What is the thousands digit of 2627?
2
What is the hundreds digit of 1426?
4
What is the thousands digit of 3920?
3
What is the units digit of 341?
1
What is the units digit of 6865?
5
What is the thousands digit of 7357?
7
What is the tens digit of 1264?
6
What is the tens digit of 17216?
1
What is the hundreds digit of 71349?
3
What is the thousands digit of 6651?
6
What is the units digit of 47394?
4
What is the tens digit of 2435?
3
What is the tens digit of 71?
7
What is the ten thousands digit of 14473?
1
What is the ten thousands digit of 19531?
1
What is the units digit of 2596?
6
What is the tens digit of 4084?
8
What is the hundreds digit of 115?
1
What is the units digit of 17000?
0
What is the tens digit of 3189?
8
What is the hundreds digit of 291?
2
What is the hundreds digit of 221?
2
What is the units digit of 6782?
2
What is the thousands digit of 7072?
7
What is the units digit of 1300?
0
What is the tens digit of 787?
8
What is the ten thousands digit of 51084?
5
What is the units digit of 124380?
0
What is the thousands digit of 8168?
8
What is the units digit of 2019?
9
What is the thousands digit of 40834?
0
What is the units digit of 90903?
3
What is the tens digit of 3034?
3
What is the units digit of 2243?
3
What is the tens digit of 3456?
5
What is the thousands digit of 2036?
2
What is the units digit of 43373?
3
What is the thousands digit of 4620?
4
What is the thousands digit of 4639?
4
What is the tens digit of 14931?
3
What is the thousands digit of 6152?
6
What is the hundreds digit of 2379?
3
What is the ten thousands digit of 44416?
4
What is the tens digit of 16?
1
What is the hundreds digit of 603?
6
What is the units digit of 1420?
0
What is the thousands digit of 43219?
3
What is the hundreds digit of 142921?
9
What is the hundreds digit of 2809?
8
What is the tens digit of 2495?
9
What is the tens digit of 49553?
5
What is the units digit of 3911?
1
What is the units digit of 870?
0
What is the hundreds digit of 159688?
6
What is the ten thousands digit of 10491?
1
What is the units digit of 1563?
3
What is the thousands digit of 6661?
6
What is the units digit of 89111?
1
What is the tens digit of 4716?
1
What is the tens digit of 35522?
2
What is the hundreds digit of 26275?
2
What is the ten thousands digit of 11098?
1
What is the units digit of 1896?
6
What is the units digit of 7543?
3
What is the units digit of 42159?
9
What is the units digit of 59533?
3
What is the ten thousands digit of 32099?
3
What is the tens digit of 36747?
4
What is the ten thousands digit of 18424?
1
What is the ten thousands digit of 74956?
7
What is the hundreds digit of 4395?
3
What is the hundreds digit of 3636?
6
What is the hundreds digit of 25867?
8
What is the tens digit of 2000?
0
What is the tens digit of 2052?
5
What is the tens digit of 374?
7
What is the hundreds digit of 300?
3
What is the hundreds digit of 54004?
0
What is the hundreds digit of 2899?
8
What is the units digit of 1367?
7
What is the thousands digit of 2552?
2
What is the units digit of 2238?
8
What is the hundreds digit of 1537?
5
What is the hundreds digit of 14993?
9
What is the units digit of 3805?
5
What is the units digit of 775?
5
What is the hundreds digit of 9688?
6
What is the thousands digit of 144349?
4
What is t